 + 3*s. Let w(z) = z**2 + 3*z. Let v = -5 + 3. Let q be w(v). Determine g(q).
10
Let o(t) be the first derivative of t**4/2 + 2*t**3/3 - t**2 - t - 1. Determine o(-2).
-5
Let l(s) = -3 + 11*s**3 - 5*s - 10*s**3 - 3*s**2 + 6 - 4. Calculate l(4).
-5
Let d = 6 + -10. Let v(l) = -l**3 - 3*l**2 + 3*l + 2. Let s be v(d). Let w(k) = 1 - 4*k**2 + 4*k**2 + k**2 + k - s*k**2. Calculate w(-1).
-5
Let l(v) be the first derivative of v**3/3 + 1. Determine l(1).
1
Suppose 0 + 4 = 4*c - 4*j, 0 = 4*c - 5*j - 9. Let q(b) = -b**2 + 5. Determine q(c).
-11
Let z(w) = 15*w**3 + 3*w - 2*w - 5*w**3. Suppose -2*t + 2*i - 3*i = 2, -2*i + 4 = -4*t. What is z(t)?
-11
Let z = 5 + -3. Suppose -2*r - 3*i = -19, -i = -z*r - 1 + 8. Let g(x) = 3 + 3 - r*x + 2*x**2 - x**2. What is g(5)?
6
Suppose -2*i - 3*i + 5 = 0. Let a(y) = -y**2 - 1. Let m(x) = x**3 - 7*x**2 + 4*x - 2. Let p(d) = i*m(d) - 2*a(d). Determine p(4).
0
Let h(u) = -6*u**3 + 2*u**2 - 1. Let a(m) = -2*m + 10. Let k be a(5). Suppose k = i - 5, i + 0*i - 1 = 4*s. Give h(s).
-5
Let l(s) = 8*s**3 - 2*s**2 + 3. Let r(g) = -17*g**3 + 5*g**2 - 7. Let w(m) = -5*l(m) - 2*r(m). Suppose 8 - 3 = 5*i. Give w(i).
-7
Let m(r) = 41*r + 6. Let d(b) = -8*b - 1. Let t(g) = -11*d(g) - 2*m(g). Determine t(-1).
-7
Let o(w) = 0 - 8*w + 12*w + 3. Let b = 21 - 13. Suppose 3*m + m + b = 0. Determine o(m).
-5
Let d(l) = 10*l**2 + l + 1. Suppose -i = -3*i. Suppose i = 4*h - 1 - 7. Suppose f = -h + 1. Determine d(f).
10
Suppose -3*x - 3 = -0, -5*o - 7 = 2*x. Let u(g) be the first derivative of -g + 1/3*g**3 + 2 - 1/4*g**4 - 1/2*g**2. Determine u(o).
2
Let b be (2 + 0)/(-2*(-9)/(-18)). Let h(q) = 0 - q + 5 - 4. Let u(a) = -1. Let i(c) = h(c) + 2*u(c). Calculate i(b).
1
Let u(w) = w + 11*w - 11*w. Suppose 0 = -3*x + 2 - 5. What is u(x)?
-1
Let s = 16 - 16. Let y(h) = 3*h - h**3 - 3*h + h + 3. Give y(s).
3
Let t(h) = -h + 7. Let n be t(9). Let g(v) = -6*v + 2. Give g(n).
14
Let k(v) be the first derivative of -v**3/6 + 3*v**2/2 + 2*v + 1. Let t(h) be the first derivative of k(h). Give t(-5).
8
Let q = 3 - 5. Let r(g) = g**3 + g**2 - g. Give r(q).
-2
Let a(s) be the first derivative of -s**2/2 - s - 1. Let w(b) = 2*b - b**3 - 6 + 0*b - 4*b**2 - b**2. Let u(q) = 4*a(q) - w(q). Calculate u(-6).
2
Suppose 4*i - 3*a - 16 = 0, -5*i + 3*a + 31 = 11. Let q(r) = -r + 5. What is q(i)?
1
Let c(y) = -y**3 + 11*y**2 - 11*y + 12. Let l be c(10). Let q(h) = h - 4*h - 5*h - l + 2*h. What is q(-3)?
16
Let p(f) = 6*f + 3 + 5*f - 13*f - f**2. Let x = 8 + -6. Determine p(x).
-5
Let i(z) be the first derivative of z**2/2 - 14*z + 3. Suppose 0 = -5*y - 20, 3*y + 14 = -u - 2*y. Calculate i(u).
-8
Let y be (-12)/16 - 1/4. Let h be 4 + (1 - (-3)/y). Suppose 0*v = v + h. Let i(o) = -2*o**2 - 2*o - 3. What is i(v)?
-7
Let v be -2*1/(-4)*-2. Let a = v + -3. Let m(p) = -4*p - 5. Let x(r) = 3*r + 4. Let k(d) = -2*m(d) - 3*x(d). Calculate k(a).
2
Let g(s) = s - 6. Let t = 9 - 3. Calculate g(t).
0
Let m(a) = 4*a**3 - a. Let p(q) = q**3 - 8*q**2 - 6*q - 26. Let s be p(9). Give m(s).
3
Suppose 5*g + 11 = 26. Let c(w) = 1 + 2*w**2 + 4*w**2 - g*w**2. Suppose -1 = -r - 3*i + 2*i, 0 = 5*i - 10. What is c(r)?
4
Let h(q) be the first derivative of 0*q - 2*q**2 - 3 - 1/3*q**3. Calculate h(-5).
-5
Let b be 28/(-16) - 2/8. Let o(f) = f**3 - 1. Let t be o(2). Let s(a) = 2*a - t*a - a**2 + 3*a. Calculate s(b).
0
Let r = 0 - 2. Let l(w) be the first derivative of -w**3/3 + w - 1. Let h be l(r). Let j(x) = x**3 + 2*x**2 - 2*x - 3. Give j(h).
-6
Let z(t) = -t**2 - 6 + 0 - t + 5. What is z(0)?
-1
Let j(p) be the second derivative of -p**5/20 + p**4/12 + p**3/3 + 2*p. Give j(2).
0
Let a(j) be the first derivative of -j**3/3 + 3*j**2/2 + 1. Let g be (-6)/(-2) + 8 + -1. Let l be (-2)/(-4) - (-35)/g. Determine a(l).
-4
Let s(j) = -2*j**3 - 21*j**2 + 16*j**2 + j + 3*j**3 + j. What is s(4)?
-8
Let t(h) be the second derivative of -1/3*h**3 + 1/4*h**4 - 4*h + 1/2*h**2 + 0. Determine t(1).
2
Let r(h) = 10*h - 65. Let p be r(6). Let y(k) = k**3 + 4*k**2 - 6*k + 7. What is y(p)?
12
Let b be ((-1)/(-3))/((-6)/(-90)). Suppose b*j + 1 = 3*q, j - 4*q - 14 = -4. Let z(s) = 2*s**3 + 3*s**2 + s + 1. Calculate z(j).
-5
Let y(q) = -3*q**2 + 10*q + 1. Let c(n) = 7*n**2 - 21*n - 3. Let w(z) = -2*c(z) - 5*y(z). Give w(7).
-6
Let g(y) = -5*y - 38 + y**3 + 40 + 0*y**3 + 3*y**2. What is g(-4)?
6
Suppose 2*k = -1 + 5. Let m(a) be the third derivative of 1/3*a**3 - 1/12*a**4 + 0*a + 0 - k*a**2. Calculate m(3).
-4
Let x(f) = f**3 - f**2 - f + 1. Let q(a) = a**3 - 5*a**2 + 4*a + 5. Let k(p) = -q(p) + 2*x(p). What is k(-4)?
5
Let h(k) = -3*k**2 - k + 1. Let t(q) = -2 - 6*q + 8 + 1 + q**2. Let v be t(5). Suppose -v*i + i - 15 = 4*m, -i = -3*m - 13. Determine h(i).
-3
Suppose -5*b + 12 = 2. Let j(c) = 7*c - c**b + 3*c**2 - 3 - 3*c**2. Calculate j(6).
3
Suppose q - 14 = -3*a, -3*q + 5 = 3*a - 13. Let l(p) = -6*p - 3 + 3*p + 1 + q*p. What is l(5)?
-7
Let n(m) = 6*m**2 + 24*m + 11. Let w(v) = -v**2 - 5*v - 2. Let y(o) = -2*n(o) - 11*w(o). Let g be 5/15 + 17/3. What is y(g)?
6
Let c(m) = m**2 + 7*m - 2. Let b = -50 - -43. Give c(b).
-2
Let a(w) = w**2 - w + 2. Suppose 0 = 5*q - 3*b - 19, 3*q + 3*b - 4 = -7. What is a(q)?
4
Suppose -c = -4*c + 18. Let k(g) = -g**3 + 5*g**2 + 7*g - 6. What is k(c)?
0
Let h(t) = 0*t**2 - 3 - t + t**2 + 2 - 2. What is h(4)?
9
Let v(u) be the second derivative of -u**4/12 - u**3/2 + u**2 + 8*u. Calculate v(-2).
4
Let s(q) be the second derivative of -q**4/6 + q**2/2 - 3*q. Determine s(1).
-1
Let g(h) = h**3 - 7*h**2 - h + 2. Let i(j) = j**3 - 8*j**2 - 2*j + 3. Let m(o) = 5*g(o) - 4*i(o). Give m(2).
0
Let v(k) = -k**3 + 6*k**2 - 2. Suppose 9 + 3 = 2*c. Give v(c).
-2
Let x(s) = s**2 + 5*s - 1. Let u be ((-2)/(-5))/((-2)/40). Let y be 1*(u/4 - 3). What is x(y)?
-1
Let n(f) = 5*f + 9. Let z(v) = -5*v - 9. Let r(q) = 6*n(q) + 5*z(q). Let i(t) = -11*t - 19. Let d(s) = 6*i(s) + 13*r(s). Give d(0).
3
Let z(r) = 5*r - 4. Let m(j) = -j + 1. Let b(x) = 6*m(x) + 2*z(x). Determine b(2).
6
Let d(o) be the second derivative of -o**4/6 + o**3/6 - 2*o. Let a = -2 + 4. Suppose -a = -y - 0*y. What is d(y)?
-6
Suppose 13 + 5 = 3*d. Let n(m) = -7*m**2 + 7*m**2 + 8 - m**3 + 6*m**2. Give n(d).
8
Let h(a) = -2*a - 5. Let s be h(-2). Let c(y) = -3*y. What is c(s)?
3
Suppose 0 = -5*j - y - 7, 0*y = -3*j - 2*y. Let f(h) = h**3 + 3*h**2 + 3*h + 3. What is f(j)?
1
Let l be (-9)/(-2) - 3/(-6). Let s(f) = f**3 - 3*f - 2*f**2 + 1 + f**2 + l - 5. What is s(2)?
-1
Let p = -179 - -99. Let w be ((-12)/(-15))/((-2)/p). Suppose -3*i + 30 = 3*h, -3*h - 2*i + w = h. Let q(b) = b**2 - 7*b - 3. What is q(h)?
-9
Let t(u) = -u**2 - 6*u + 4. Let l be t(-8). Let z = 4 + l. Let s = 5 + z. Let n(y) = -y**2 - 5*y - 3. Calculate n(s).
3
Let l(w) be the second derivative of -w**4/12 - w**3 + 2*w**2 + 9*w. Calculate l(-6).
4
Let v be ((-1)/(-2))/(7/28). Let c(t) = 2 + v + 2*t - 5. Determine c(-1).
-3
Let z be 1/(2*(-3)/(-18)). Let s(k) = -14*k**2 - 3*k**z + 15*k**2 - 9*k**3. What is s(-1)?
13
Let j be ((-3)/(-2))/(-7 + 120/16). Let b(f) = -4*f**3 + f**2 - 6. Let r(q) = 7*q**3 - 3*q**2 + q + 11. Let a(y) = 5*b(y) + 3*r(y). What is a(j)?
3
Let b be 1*(-1 - 0) + 4. Let p(k) = -k**3 + 3*k**2 + 4. Calculate p(b).
4
Let p(x) = x. Let z = 10 + -15. Determine p(z).
-5
Let o(k) be the first derivative of -3*k**2/2 + 8*k + 8. Let v(n) = 3*n - 8. Let y(x) = 4*o(x) + 3*v(x). Calculate y(6).
-10
Let t(h) = 3 - h**3 + 2 + 11*h - 3*h**2 - 4*h. Let u be 1*((2 - -2) + -8). Give t(u).
-7
Let t(a) be the second derivative of a**4/12 + 5*a**3/6 + 3*a**2/2 - 2*a. Give t(-6).
9
Suppose -6*x + 3*x + 12 = 0. Let g(w) = -4*w - 4*w**2 - x*w**3 + 3*w**3 + 2 - 5. Calculate g(-2).
-3
Let g(q) = -q + 2. Let c(t) = 0*t + 0*t + 2*t - 6 + t. Let f(b) = 3*c(b) + 8*g(b). Determine f(6).
4
Let x(o) be the second derivative of -o**4/12 - 11*o**3/6 - 11*o**2/2 + 6*o. Calculate x(-9).
7
Let r = -10 - -3. Let o(t) = t**3 + 7*t**2 + 5. What is o(r)?
5
Let c(g) = -32*g - g**3 + 4*g**2 + 2*g**2 + 28*g + 4. What is c(4)?
20
Let i be 3/2*(-32)/12. Suppose -4*w + 4 = -5*w. Let q = i - w. Let x(t) = t - 7. What is x(q)?
-7
Let j(g) = g**3 + 4*g**2 - 7*g - 1. Suppose -15 = o + 2*o - 5*k, 4*k - 10 = 2*o. Give j(o).
9
Let j(m) = 5 - 5*m - 7*m**2 - 1 + 5*m**3 + 3*m**2. Let i(o) = -9*o**3 + 8*o**2